88)/(-6))/((-4)/(-6)))/2?
1
Suppose -9*g = -4*g - 135. What is the tens digit of g?
2
Suppose t - 1228 = -c + 5*t, 5*t = c - 1230. What is the tens digit of c?
2
Let u(p) = p**3 - 5*p**2 - 4*p - 8. Let r be (-22)/(-4) - (-2)/4. Let t be u(r). Suppose 0 = -3*d - 4*a + t, 0*d = 2*d - 3*a - 31. What is the units digit of d?
8
What is the tens digit of (-11 + 10)/((-1)/455)?
5
Let h(o) = 2*o + 11. Suppose g + 5 = 4*v + 38, -3*g + v + 77 = 0. Let a = g + -20. What is the tens digit of h(a)?
2
Let f = 4772 - 3371. What is the hundreds digit of f?
4
Suppose -54*f + 45*f = -10809. What is the thousands digit of f?
1
Let b(a) = -a**3 - 3*a**2 - a - 4. Let n be b(-4). Let q = -9 + n. What is the tens digit of q/((-4)/(-12)*1)?
2
Suppose 5*a - y - 5872 = 0, -5*y + 722 = 2*a - 1616. What is the hundreds digit of a?
1
Suppose 0 = -3*p - 5*h + 3730, 4*h = -p + 8*h + 1215. What is the units digit of p?
5
What is the hundreds digit of (-81 - -84) + (-2 - -287)?
2
What is the hundreds digit of ((-6)/(-9)*-103)/((-7)/84)?
8
Suppose -l + 7 = 6. Let d be (-9)/(-15)*(4 + l). Suppose -j + 70 = 2*r, -2*r - d*j + 136 = 2*r. What is the units digit of r?
7
Let s be (-1 - 33/(-15))/(6/15). Suppose s*i = 2*i - 4*p + 48, 0 = -4*i + p + 175. What is the tens digit of i?
4
Suppose 0 = -60*p - p + 82594. What is the tens digit of p?
5
What is the units digit of (-1)/(5 + (-5187)/1036) - -1?
9
Suppose 0 = -4*j + 6*j - 22. Let g(b) = b**3 + 4*b**2 - 2*b - 2. Let w be g(-4). Let v = w + j. What is the units digit of v?
7
What is the units digit of -8*4/(-16) - (1 + -589)?
0
Let o(f) = f**3 - 5*f**2 - 3*f + 10. What is the tens digit of o(8)?
7
Let s be (-54)/(-4)*28/(-6). What is the units digit of (s/(-12))/(6/56)?
9
Let w be (-3)/((-1)/2 - 1). Suppose 3*j + 6*a - 36 = w*a, 3*a + 73 = 4*j. What is the tens digit of j?
1
Suppose -o + 7 + 11 = -2*f, 3*f - 25 = -5*o. Let r be (-30)/(-8)*(o - -24). Suppose -3*h - r = -7*h. What is the tens digit of h?
3
Let v = 410 - -2. What is the units digit of v?
2
Suppose -2*p + 3*x = 8*x - 4, -6 = -3*p + 4*x. Suppose -z = 2*t - 6 - 5, p*t = 3*z + 7. What is the units digit of z?
1
Let b be 1190/(-8) + (-28)/112. Let f = 217 + b. What is the units digit of f?
8
Let g(a) = -28*a**3 + a**2 + a + 2. Let b be g(-2). Suppose 0 = 7*z - 3*z - b. What is the tens digit of z?
5
Suppose -4470 + 660 = -10*i. What is the units digit of i?
1
Let t = 7 + 172. What is the tens digit of t?
7
Suppose 0 = 4*r + 5*a - 160, r - 3*a = 63 - 6. What is the tens digit of r?
4
Let g be (2/(-4))/((-2)/224). Let c be (-4)/14 + (-15944)/g. What is the units digit of 4/(-10) + c/(-25)?
1
Let m = -118 + 232. What is the tens digit of m?
1
Suppose 23*n + 749 = 24*n. What is the tens digit of n?
4
What is the tens digit of 2 + -7 + 3 + (-239)/(-1)?
3
Let y(r) = r**3 - 5 - r + 9*r**2 + r - 3*r - 6*r**2. Let k(v) = v**2 + 7*v + 3. Let a be k(-6). What is the units digit of y(a)?
4
Let f(o) = -4*o - 2. Let n be f(2). Let c be (0 - -2)/(2/n). What is the units digit of -3 - c - (-3)/(-1)?
4
Let w(q) be the third derivative of q**5/10 + 11*q**4/24 + q**3/3 - 3*q**2. What is the units digit of w(-5)?
7
Let u be -3*(4 + -3)*-1. Let q(k) = -37*k**3 + 18*k**u + 17 + 18*k**3 + 16*k**2 - 14*k. What is the units digit of q(15)?
2
Suppose -65 = 6*q - 11*q. Suppose 3*r = q*r - 340. What is the tens digit of r?
3
Let f(u) = u**3 - 16*u**2 + 15*u - 1. What is the units digit of f(16)?
9
Let s(a) = 603*a**2 - 10*a + 15. What is the tens digit of s(-3)?
7
Let h = 4 + -10. Let d(l) = -l**3 - 5*l**2 - 7*l - 8. What is the units digit of d(h)?
0
Let b = 45 + -81. Let i be 6*136/b*-3. Suppose 2*c = 2*h + 2*h - 50, 4*h = -4*c + i. What is the tens digit of h?
1
Let y = -39 - -45. Let f(d) = 6*d + 10. What is the tens digit of f(y)?
4
Suppose 0 = 10*v - 6*v - 8. Suppose -2*f + 198 = v*r, -f - 83 = -2*f - 5*r. What is the tens digit of f?
0
Suppose 10*s = -16*s + 10920. What is the hundreds digit of s?
4
Let v(t) = -t + 7. Let d be v(-5). Let j(x) = 2*x**2 - 12*x + 6. Let l be j(d). Suppose -2*p + 75 - 15 = -3*r, -l = -5*p + 5*r. What is the tens digit of p?
3
Suppose 8*s - 3*s = 5. Suppose -b - 2 + 3 = 2*l, -s = -b. Suppose v + 2*d - 37 = l, v - 2*v + 45 = 4*d. What is the units digit of v?
9
Let i = 23 + -17. Suppose -i*f - 6*f = -1368. What is the units digit of f?
4
Suppose -3*i = 2*h - 422, -852 = -18*h + 14*h - 2*i. What is the units digit of h?
4
Suppose -22*l + 14275 = -80061. What is the hundreds digit of l?
2
Let q = -11 - 11. Let p = 27 + q. Suppose 2*i = t - 34, 4*t - 127 = -0*i + p*i. What is the units digit of t?
8
Let p(g) = g + 6. Let x be p(12). Suppose -b - x = -58. What is the tens digit of b?
4
Let k(l) = l**3 + 7*l**2 + 3*l - 14. Let c be k(-6). Suppose -4*a = -4 - c. What is the tens digit of (-62)/(-4 + a) + -3?
2
Let c be (-1 + 33/9)*(129 + -6). Let f = c - 224. What is the tens digit of f?
0
Let j = 15 - -52. Suppose 97 + j = 4*m. Let o = m + -25. What is the units digit of o?
6
Suppose 26*z = 7386 + 16040. What is the tens digit of z?
0
Let g = 236 - -32. Let h = g + -46. What is the tens digit of h?
2
Let c be (-1)/(-10)*6*-5. Let w(h) = -h**3 - 2*h**2 + 2*h. Let b be w(c). Suppose -b*j - 2*j = -55. What is the units digit of j?
1
Let w(d) = d**2 + 3*d + 1. Let x(c) = -2*c + 3. Let h be x(4). What is the tens digit of w(h)?
1
Let a(q) = 2*q**2 - 17*q + 38. What is the hundreds digit of a(17)?
3
Let v be (-3 + 34/10)*-5. Let x = v - -12. Let j = x - 4. What is the units digit of j?
6
Suppose 3*b - 48 = -b. Let k = 27 + b. What is the tens digit of k?
3
Suppose -m - 5*n - 12 = 0, -4*m - 2*n = -2*m. Suppose -m*p - 424 = -7*p. What is the tens digit of p?
0
Let n(i) = 2*i**2 + 2*i + 2. Let c be n(-2). Let v be (0 - c)/((-21)/14). Suppose -4*k - v*y + 80 = 0, -6*y - 91 = -5*k - 2*y. What is the units digit of k?
9
Suppose 10*v - 23*v + 3809 = 0. What is the tens digit of v?
9
Let x = -2874 - -4114. What is the thousands digit of x?
1
What is the tens digit of -5*(-1)/25*2110?
2
Suppose -4*h + 0 + 24 = 0. Suppose -h*o - 93 = -399. Suppose 0*z - z = 5*y - 69, -o = -z + 4*y. What is the units digit of z?
9
Suppose -8*r - 174 = -9*r. What is the tens digit of r?
7
What is the thousands digit of (-4 - -1311) + 3/(24/(-56))?
1
Let m(k) = -1938*k - 50. What is the hundreds digit of m(-2)?
8
Suppose -53 = -4*t + 27. Suppose -19*k - 77 = -t*k. What is the tens digit of k?
7
Suppose -4*j - 381*g = -376*g - 4254, 3189 = 3*j + 3*g. What is the units digit of j?
1
Let y = -214 - -374. Let l = -73 + y. What is the tens digit of l?
8
Suppose -14 = -2*v - 6. What is the tens digit of (v/12)/(1/171)?
5
Suppose 18*a = 37*a - 29735. What is the hundreds digit of a?
5
Let x(c) = 364*c**2 - 2*c - 1. Let y be x(-2). Suppose -3*z - 7*v = -5*v - 874, 5*z + v = y. What is the hundreds digit of z?
2
Let q(z) = z + 128. What is the units digit of q(-28)?
0
Suppose 0 = 659*w - 650*w - 2439. What is the hundreds digit of w?
2
Let x = 14 + 303. What is the hundreds digit of x?
3
Let z(n) = 5*n + 895. What is the units digit of z(44)?
5
Suppose -5*l - 7 = -27, 5*v - 20 = -5*l. Suppose -4*x - 2*t - t = -13, 2*x + t - 9 = v. What is the units digit of x?
7
Let m be 4/(7 - 4 - 2). Suppose 2*q = -m*a + 5*a + 1, 19 = a + 2*q. Suppose 3*c = -5*f + 186, -2*f - f = a. What is the units digit of c?
7
Let l(t) = -43*t - 22. Let r be l(-10). Suppose 4*v - v - r = 0. What is the hundreds digit of v?
1
Let h(r) = r**3 + 10*r**2 - 11*r - 16. Let b be h(-11). Let g = b + 22. What is the tens digit of 240/7 + g/(-21)?
3
Suppose -2*o - o = -153. Let f be 0 + 2 + 0 - 2. Suppose 0*u - 2*u - 3*q + o = 0, 5*u + 2*q - 111 = f. What is the units digit of u?
1
Let u(d) = -11*d**2 - 14*d - 52. Let m(j) = 7*j**2 + 9*j + 35. Let y(l) = 8*m(l) + 5*u(l). Let h be y(0). Let z = 39 - h. What is the units digit of z?
9
Suppose 5*s - 14 = -154. Let r = s + 69. Let d = 62 - r. What is the tens digit of d?
2
Let d be (60/(-35))/((-2)/441). Suppose -11*c + 2*c = -d. What is the units digit of c?
2
Suppose -2*n - p + 1211 = -4*p, p = -4*n + 2457. What is the hundreds digit of n?
6
Let y(w) = -w**3 + 7*w**2 + 7*w - 6. Let x(a) = -a**3 - 5*a**2 + 4*a - 7. Let d be x(-6). What is the tens digit of y(d)?
7
What is the hundreds digit of 2/(-1